5*b**2 - 18*b + 20. What are the prime factors of i(-25)?
2, 5, 47
Let v = 1027 + -677. What are the prime factors of v?
2, 5, 7
Let y = -209 - -573. Suppose -140 = -8*c + y. What are the prime factors of c?
3, 7
Suppose 0 = 11*p - 7*p + 12, -3*s - p + 804 = 0. List the prime factors of s.
269
Suppose 14*j - 4087 = -1301. What are the prime factors of j?
199
Let w(t) = -4 + 7*t - t**3 - 4 - 4 + 4 - 8*t**2. List the prime factors of w(-9).
2, 5
Let f be (-103)/(2/4*-2). Suppose -3*g + 239 = -f. List the prime factors of g.
2, 3, 19
List the prime factors of (10/15)/((-2)/(-519)).
173
Suppose -29*a + 28*a + 426 = 0. What are the prime factors of a?
2, 3, 71
Let g = 4840 + -2364. List the prime factors of g.
2, 619
Suppose 0 = 3*f - 5*b + 16, -3 = 4*f - 7*b + 4*b. Let w be 1*(-24)/f*1. List the prime factors of 45/4 - (-2)/w.
11
Suppose -12670 = -151*m + 144*m. What are the prime factors of m?
2, 5, 181
Let o be (1 + (-462)/12)*(-12)/5. Let g = o + 35. What are the prime factors of g?
5
Let b be 2/3*-3*2. Let r = b - -69. Suppose j - 6*j = -r. What are the prime factors of j?
13
Let a(c) be the second derivative of c**4/12 + 3*c**2 - 2*c. Let p be a(-6). Suppose -3*s + 4*z + 74 = 0, -2*s - 3*z + p = -2*z. List the prime factors of s.
2, 11
What are the prime factors of (-1)/(-4)*4*3 - -3983?
2, 1993
Suppose -5*o - 4*f = -0*f - 51, 4*f = o + 9. Suppose 4*j - 509 = -113. Suppose -4*z = -o*z + j. What are the prime factors of z?
3, 11
Let m(b) be the second derivative of b**5/20 + 3*b**4/4 + b**3/3 + 9*b**2 - 97*b. Suppose -3*t - 2*t + 55 = -5*f, -29 = 4*f + t. List the prime factors of m(f).
2, 3, 11
Let g(s) be the first derivative of s**3/3 - 11*s**2/2 - 47*s - 21. What are the prime factors of g(-14)?
3, 101
Suppose -2*d = 3*w + 2612 - 8879, 2*w - d - 4171 = 0. What are the prime factors of w?
2087
Let u = 748 + -492. Let l = -145 + u. What are the prime factors of l?
3, 37
Let b be (-52)/(-65)*(-130)/4. List the prime factors of -2 + (-2 - b*2).
2, 3
Let w be ((-4)/(-10))/((-7)/(-840)). Suppose -p + w = g, 0 = 4*g + g - 5*p - 290. What are the prime factors of g?
53
Let w be (9/6)/((-4)/(-56)). Let c = w - -81. What are the prime factors of c?
2, 3, 17
Let p be 2260/50 - 2/10. Let n = p + -31. List the prime factors of n.
2, 7
Suppose 156*v = 151*v + 3135. List the prime factors of v.
3, 11, 19
Suppose 5*b + 4766 = 7*b - 5*s, -5*s + 4746 = 2*b. What are the prime factors of b?
2, 29, 41
Suppose 3*i + x = 337, -2*i + 4*x + 169 + 65 = 0. Let n = 174 + -98. Let t = i - n. What are the prime factors of t?
37
Let u = -137 + 207. Suppose 3*g + 2*g + u = 0. Let s = 39 + g. List the prime factors of s.
5
Let i = -1907 - -3491. Let h = 1003 - i. List the prime factors of h/(-35) + (-4)/(-10).
17
Suppose -t - 2*v = -3*t + 14, 5*v = 2*t - 29. Suppose m - 771 = -4*o, 588 = 3*o + 2*m + t*m. List the prime factors of o.
2, 3
Let d = -555 + 1720. List the prime factors of d.
5, 233
Suppose n - 153 - 34 = 0. What are the prime factors of (3/(-1))/((-11)/n)?
3, 17
Let t(a) = -a**3 - 12*a**2 + 13*a + 2. Let h be t(-13). Suppose h*d + 3*d + 105 = 0. Let v = -8 - d. List the prime factors of v.
13
Let d be 4*(75/20)/(6/4). Suppose 0 = d*w - 139 - 341. What are the prime factors of w?
2, 3
Let n(l) = -l**3 + 6*l**2 - 4*l - 3. Let m be n(5). Let z(r) = 2*r**3 - 7 + r + 8*r**m - 3*r**3 + 3*r. What are the prime factors of z(8)?
5
Suppose -12*r = 16 + 8. List the prime factors of (r - -82) + (1 - 0)/1.
3
Let u be ((-7)/(-2) - 1)/(15/270). Suppose -3*z + 143 = m + u, -5*m - z = -462. What are the prime factors of m?
2, 23
Suppose -21 = -h - 6*h. Let q(w) = 3*w**3 + 5*w**2 - 4*w - 5. List the prime factors of q(h).
109
Suppose 25*w = 15*w + 8990. What are the prime factors of w?
29, 31
Suppose 13 = -3*z + 2*z + 2*n, -4*z + 3*n - 32 = 0. What are the prime factors of (581/z)/(-1) - 1/5?
2, 29
Suppose 2*b - 116 = 4*x - 8*x, 5*x = -4*b + 247. What are the prime factors of b?
2, 17
Suppose -3*n = 3*h - 4*n - 19, -4*h = -2*n - 22. Let t = h + -8. Suppose y - 31 + 10 = t. List the prime factors of y.
3, 7
Let h = 0 + -3. Let j be (2/(-1) - h)*3. Suppose -20 - j = -d. List the prime factors of d.
23
Suppose 0 = 3*s - x - 14, 0 = -5*s + s - 5*x + 25. What are the prime factors of -2 + (s - -110 - 0/(-2))?
113
Suppose 7*v = 168 + 77. Suppose -2*o + 69 + v = 0. List the prime factors of o.
2, 13
Let p(l) = 92*l + 125. What are the prime factors of p(5)?
3, 5, 13
Let w = 941 + 101. What are the prime factors of w?
2, 521
Let w(f) = -f**3 - 9*f**2 + f + 4. What are the prime factors of w(-11)?
5, 47
Let u be (4/8)/(3/12). Let x(k) = 3*k**2 + 3*k**u - 4*k**2 - 3*k**2 - 6*k**3. List the prime factors of x(-1).
5
Let u(i) = i**3 - 4*i**2 + 5*i - 4. Let z be u(3). Let c(y) = 2*y**3 - 2*y - 1. Let q be c(z). What are the prime factors of (-2)/(-11) + 185/q?
17
Suppose 4*d - 10 = -2, -5*m + 5*d = -7750. What are the prime factors of m?
2, 97
Suppose -p - 5*i = 0, 2*p = -0*p - 2*i + 8. Suppose p*v + 5*b - 230 = 0, 2*b + 2*b = -2*v + 84. What are the prime factors of v?
2, 5
Let z be 4/3*96/8. Suppose -s = -3*b - 6, 2*b - z - 6 = 5*s. What are the prime factors of (1 + 5)/(s/(-4))?
2
Suppose -5*b + 5 = 0, -2*c + 16*b = 17*b - 6003. List the prime factors of c.
3001
Let z be 14/(-35) - (-594)/(-15). Let g be (24/60)/(1/z). What are the prime factors of 57/((-2)/(g/12))?
2, 19
Suppose -4*r - 51 = 5. Let n(s) = s + 20. Let t be n(r). Let g(p) = 8*p - 6. List the prime factors of g(t).
2, 3, 7
Suppose 1157*j - 1162*j = -700. List the prime factors of j.
2, 5, 7
Let i = 13 - 13. Let t = i - -1. What are the prime factors of (-108)/(8/(-2)) - t?
2, 13
Suppose 8*b = 1997 + 3171. List the prime factors of b.
2, 17, 19
Suppose -7*j + 10*j = 0. Suppose d = -j*d - 1. What are the prime factors of 22 - 1/((-1)/d)?
3, 7
Let i(g) = g**3 - 15*g**2 + 16*g - 21. Let s be i(14). Suppose 7*u + s*u = 1764. List the prime factors of u.
2, 3, 7
Let m(s) = -s**3 - 12*s**2 - s - 9. Let u be m(-12). What are the prime factors of u + -3 + (30 - (1 + 0))?
29
Let q be -8 - -6 - (0 - 17). Suppose -4*t = -t - q. What are the prime factors of t?
5
Let w = 3450 + -2318. List the prime factors of w.
2, 283
Let l be (-1)/((-21)/(-12) - 2). Suppose l*c + c = -3*m - 3, -17 = -c - 5*m. List the prime factors of 20/c*(-54)/24.
3, 5
Suppose -15*g + 6 = 66. Let m(z) = z - 9*z - 5 + 0*z. What are the prime factors of m(g)?
3
Suppose 0 = -4*s - 4*u + 56, -6*u + 2*u - 16 = -4*s. What are the prime factors of (-5)/(-15)*s - -50?
53
Suppose 5*v + 5*c - 21 = 6*c, 31 = 3*v + 4*c. Suppose -v*b = -17*b + 2736. What are the prime factors of b?
2, 3, 19
Let c = -16 + 21. Suppose -4*y = -5*x - 259, -x - 329 = -0*y - c*y. Suppose 2*r - y = 20. List the prime factors of r.
43
Let d(k) be the third derivative of k**5/20 + 5*k**4/12 - k**3 - 37*k**2. List the prime factors of d(-5).
19
Let q be 3 + (-40)/(-5) - 3. List the prime factors of ((-27)/(-12) - -5)/(2/q).
29
Suppose -1248 = -15*h + 12. What are the prime factors of h?
2, 3, 7
List the prime factors of 2420 + 9/18*16.
2, 607
Suppose -z + 146 + 199 = 2*c, 0 = -4*c + 8. What are the prime factors of z?
11, 31
Let h(z) = z + 13. Let u = 2 - 12. Let l be h(u). Suppose -l*x + s + 55 = 0, -2*x + 7*x + 5*s = 65. What are the prime factors of x?
17
What are the prime factors of (63382/129)/(2/3)?
11, 67
Let k be (-4 + 3)/(2/12). Let s be 4*(-2 - 15/k). Suppose 0 = s*i + 3*h - 134, -i + h + 17 = -55. What are the prime factors of i?
2, 5, 7
Let w = 16 + -14. Suppose -w = -c - c. Let q = c + 12. List the prime factors of q.
13
Let w(k) = k**2 + 5*k - 23. List the prime factors of w(-28).
3, 23
Suppose -54*g + 31*g + 1771 = 0. List the prime factors of g.
7, 11
Suppose -8*t = -16*t + 16. What are the prime factors of 1*-2 - (-143 - (t + 1))?
2, 3
Suppose 14 + 11 = 5*q. Suppose 0 = -2*m - 5*j + 33, -q*m + 0*m + 5*j - 5 = 0. List the prime factors of m.
2
Let r = 17 + -37. Suppose -1045 = -5*q + c, -2*c = -0*c - 10. List the prime factors of (q/r)/((-2)/4).
3, 7
Let u(t) = 185*t - 41. List the prime factors of u(2).
7, 47
Let k be 5 + (-56)/10 + (-54)/10. Let y(j) = 6*j**2 + j + 9. What are the prime factors of y(k)?
3, 73
Let a(i) = 63*i + 239. Let h be a(-4). Let j be 1 - 25*1*-1. Let b = h 